of -3*x**2 + 4*x + 5. What are the prime factors of m(-4)?
2, 7
Let s = 704 - 404. What are the prime factors of s?
2, 3, 5
Let l = 25 + 32. What are the prime factors of l?
3, 19
Let w(x) be the third derivative of 1/60*x**5 + 0 - 1/12*x**4 - 5/6*x**3 + 0*x - 2*x**2. List the prime factors of w(4).
3
Suppose -40 = -4*p - 0. What are the prime factors of p?
2, 5
Let d(z) be the third derivative of 3*z**2 - 1/120*z**6 - 1/24*z**4 + 2*z**3 + 0*z + 0 + 0*z**5. List the prime factors of d(0).
2, 3
Let r(l) = l**2 - 6*l. What are the prime factors of r(8)?
2
Let a be (-24)/10 + (-2)/(-5). Let w = 4 + a. Suppose -r + 2 = 0, -4*r - 3 = -w*d - 5. What are the prime factors of d?
3
Suppose 4*q = -16, 4*h - 3*q - 208 = -52. List the prime factors of h.
2, 3
Let u be 1*3 - (-2 - -3). Suppose -5*j = 3*l - 76, u*j + 2*l - 20 - 12 = 0. List the prime factors of j.
2, 7
Let t = 14 + -11. Suppose -t*s - 70 = -5*h, 5*h + 6*s = 3*s + 70. List the prime factors of h.
2, 7
Let s(o) = -2*o + 9. List the prime factors of s(-4).
17
Suppose -2*o - o - 8 = -4*q, 5*o - 2*q + 4 = 0. Let t be -1*(-2 - 3) + o. Suppose g + t = 22. List the prime factors of g.
17
Let z(p) = p**2 - 3*p - 5. Let i be z(6). Let a = 36 - i. What are the prime factors of a?
23
Let i(u) = -6*u**3 - 17*u**2 + 14*u - 2. Let v(r) = r**3 + r**2 + 1. Let l(y) = -i(y) - 5*v(y). List the prime factors of l(-13).
2, 5
Let v = -3 + 15. Let g be (v/9 - 0)*6. Let x = g + 3. What are the prime factors of x?
11
Suppose 5*b - 278 + 28 = 0. Suppose 4*l = 3*l - 4*g + 10, -5*l + g = -b. List the prime factors of l.
2, 5
Let h be 6/(7/2 - 2). Let l = -3 + h. Suppose 0 = f + 3*y - l - 5, 3*f - 4*y - 5 = 0. List the prime factors of f.
3
List the prime factors of 6/(9/3)*(-164)/(-8).
41
Let g = -11 + 23. What are the prime factors of g?
2, 3
Suppose -3*d + 32 = -136. What are the prime factors of d?
2, 7
Let c be -1 - (-2 - (-2 - 0)). Let o = 17 + c. List the prime factors of o.
2
Let y = -3 - 1. Let b be (y/6)/(3/(-27)). Suppose -3*v + 0*v = -b. What are the prime factors of v?
2
Let n(i) = 2*i + 2*i**2 - 5*i + 1 + 2*i. What are the prime factors of n(3)?
2
Suppose -3*j + 4*a + 335 = 0, -5*a + 14 = -6. What are the prime factors of j?
3, 13
Let x(v) = 2*v - 2. Let f = -6 - -9. Let t be 3/f*(-4)/(-1). What are the prime factors of x(t)?
2, 3
Let o = -11 - -254. List the prime factors of o.
3
Let c = -187 - -269. List the prime factors of c.
2, 41
Let c = -16 + -58. Let a = -48 - c. Suppose m + m = a. List the prime factors of m.
13
Suppose 1 + 23 = 4*y. Suppose 0 = -r + y - 1. Suppose 2*m - 28 = r*i, 4*m - 31 = m + 2*i. List the prime factors of m.
3
Suppose -3*w = -3 - 21. List the prime factors of w.
2
Let g = -38 - -26. Let j = g + 37. Let d = j - 18. What are the prime factors of d?
7
Let a = 1 - -3. Suppose -a*r + 1 = -3*u, 5*u = -5*r + 45 - 0. List the prime factors of r.
2
Let q(x) = -6*x - 1. Let c be (-8)/(-28) - (-5)/7. Suppose -c = 3*d + 2*o, 4*o - 6 = 3*d + 1. List the prime factors of q(d).
5
Let n = -22 + 36. Let x = n + -7. What are the prime factors of x?
7
Let u(h) = 2*h**3 - h**2 + 2*h - 1. Let f be u(1). Suppose 36 = -f*q + 5*q. What are the prime factors of q?
2, 3
Let c be (6/3)/(2 - 0). Suppose 0*a + 8 = -3*a + j, -4*a = 5*j - 21. What are the prime factors of (-8 + c)/(1/a)?
7
Let a(c) = -c**3 + 8*c**2 + 5*c - 7. Let w be a(8). Let h = w + -15. What are the prime factors of h?
2, 3
List the prime factors of (-2 + 0)*(-28)/4.
2, 7
Let u = -3 + 2. Let p = 1 - u. Let v = p - 0. List the prime factors of v.
2
Let u be (-3)/(-6)*-3*-6. Let o be (-2 - 1)*(-21)/u. Suppose -2*v + 3*v = -m + o, 4*v - 10 = 2*m. What are the prime factors of m?
3
Let c = -3 + 6. Suppose 2*x - 75 = -n + 50, -n = -5. List the prime factors of ((-2)/(-4))/(c/x).
2, 5
Let x(y) = -2*y + 1. Let w be x(-5). Let v = w - 6. Suppose 3*b + 2*s = 34, 1 - 7 = b + v*s. List the prime factors of b.
2, 7
Let y(l) = 7*l**2 - 2*l - 38. Let x(m) = 3*m**2 - m - 19. Let w(b) = -5*x(b) + 2*y(b). What are the prime factors of w(0)?
19
What are the prime factors of (1 - (5 - 1))/((-3)/48)?
2, 3
Suppose 0 = -0*l - 4*l + 4. Suppose -2*s = s - 6. List the prime factors of (s/4)/(l/8).
2
Let i(n) = -n**2 + 6*n - 7. Let u be i(6). Let v(s) = s**2 + 3*s - 6. What are the prime factors of v(u)?
2, 11
Let i(v) = 2*v**3 - v**2 - v + 2. Suppose -c - 16 = -5*c. Let f = 6 - c. What are the prime factors of i(f)?
2, 3
Let c = -19 + 10. Let d = c + 31. List the prime factors of d.
2, 11
Let p(x) = 10*x**2 - 2*x + 34. What are the prime factors of p(6)?
2, 191
Let f = -4 - -7. Suppose f*s - 33 = -4*c, 6*s = c + 2*s + 6. What are the prime factors of c?
2, 3
Suppose 4*p + 3*u = 2*u + 146, 0 = 3*p + 3*u - 105. List the prime factors of p.
37
Let b = 35 + -25. What are the prime factors of (-4)/(-12)*0 + b?
2, 5
Let i(k) = k**3 + 12*k**2 + 5*k - 13. What are the prime factors of i(-11)?
53
Suppose 0*y = h + 4*y + 10, -4*h = -y - 11. Suppose -45 = -h*v - v. List the prime factors of v.
3, 5
Let u(i) = -i**2 + 2*i + 4. Let n be u(3). List the prime factors of (-1 - 0)*(-11 - n).
2, 3
Suppose -5*u + u = -92. List the prime factors of u.
23
Suppose -d + 1 = -3*z + 6, 3*d - z = 9. Suppose -1 = i - d*w + 7, 3 = 3*w. Let o(j) = -2*j - 1. List the prime factors of o(i).
7
Let f(h) = h**3 + 8*h**2 + 2*h + 11. Let x = -5 + -3. Let l be f(x). What are the prime factors of l/15 - 43/(-3)?
2, 7
Let f(s) = -2*s + 2. Let h = 5 + -2. Suppose p + 33 = -5*o - 0*p, -h = 2*o - 3*p. What are the prime factors of f(o)?
2, 7
Let f(l) = -4*l**3 + l + 1. Let k be f(-1). Suppose 2*s - 46 = -2*u, k*u + 7*s - 89 = 4*s. List the prime factors of u.
2, 5
Let t = -1 - -4. Suppose t*f - 11 - 16 = 0. What are the prime factors of (-44)/(-6) + 6/f?
2
Let m = -10 + 18. Suppose -5*o = -6*o + m. What are the prime factors of o?
2
Let y(m) = m**3 - 7*m**2 + 7*m - 2. Let l(o) = 2*o - 4. Let p be l(5). Let j be y(p). Let n = 6 - j. What are the prime factors of n?
2
Let w(n) = n**3 - 6*n**2 + 1. Let d be w(6). Let o(u) = 3*u**2 - u. Let j be o(d). Suppose 5*y - 12 = j*y. List the prime factors of y.
2
Suppose k + 0*f + 3 = -2*f, 4*k + 2 = -3*f. Let j be (10 - k)*24/9. Let w = -13 + j. What are the prime factors of w?
11
Suppose 896 = 4*z - n, 2*z - 4*n - 312 = 136. List the prime factors of z.
2, 7
Let p(l) = 8*l + 10. List the prime factors of p(2).
2, 13
Let v = -97 - -191. List the prime factors of v.
2, 47
Let q(f) = -16*f + 61. Let b(x) = 3*x - 12. Let n(i) = -11*b(i) - 2*q(i). What are the prime factors of n(-4)?
2, 7
Let o = -20 - -281. What are the prime factors of o?
3, 29
Let a = 4 - -9. What are the prime factors of 1/((-1)/(-1*a))?
13
Suppose 3*s - 6 - 12 = -5*h, 3*h + 4*s - 2 = 0. List the prime factors of 10/(3/h - 0).
2, 5
Let c(j) be the first derivative of j**4/4 - 7*j**3/3 + j**2/2 + 5*j + 3. What are the prime factors of c(7)?
2, 3
Let f(x) = -x**2 - 10*x - 10. Let g(m) = -3*m + 3. Let h be g(-3). Suppose h - 4 = -c. List the prime factors of f(c).
2, 3
Let q(g) = 21*g - 3. List the prime factors of q(2).
3, 13
What are the prime factors of (4/5)/(8/2540)?
2, 127
Suppose 0 = -3*j - 18 + 69. List the prime factors of j.
17
Suppose -2*j + 12 = -5*y - 15, 10 = -5*j - 3*y. Let g(z) = 2*z + 16. Let s be g(-5). Let c = s - j. List the prime factors of c.
5
Let o(r) = 2*r**2 + 4*r - 8. Let m be o(-6). Suppose 4 = j + 2*q, 2*j - 5*q = -q + m. What are the prime factors of j?
2, 3
Let c be (-288)/(-28) - (-2)/(-7). Let r be (-1 - -1) + c + -2. What are the prime factors of r*1*(3 - 2)?
2
What are the prime factors of 4/(-4) + 171/(6/2)?
2, 7
Let p = 80 + -14. List the prime factors of p.
2, 3, 11
Suppose 0 = 5*t - 0*s + 4*s + 66, 3 = 3*s. List the prime factors of 114/4 - (-7)/t.
2, 7
List the prime factors of (-4)/14 - ((-2742)/42 - -1).
2
Suppose 181 + 185 = b. List the prime factors of b.
2, 3, 61
Let i = 2 - 0. Let o(a) = -a - 1 - 5*a**2 + 0*a**i - 3*a + a**3. List the prime factors of o(6).
11
Let n = 64 + -43. List the prime factors of n.
3, 7
Let l = 5 - 15. Let s be (-262)/l - 1/5. Let j = -14 + s. List the prime factors of j.
2, 3
Let h(y) = 21*y + 4 + y - 2 + 12*y. Let c(o) = 17*o + 1. Let x(g) = 11*c(g) - 6*h(g). List the prime factors of x(-1).
2
Let k(l) = 3*l - 3. Let w(r)